2)?
0
Let f be 1 + 8 - (10 - (-42)/(-7)). Suppose v + m = -3*v + 898, f*m + 662 = 3*v. What is the tens digit of v?
2
Suppose -3*q - 1630 = -2*j, 5*j = 2*q + 519 + 586. Let m = q + 862. Suppose -266 - 159 = -5*g - 5*l, -5*l = -4*g + m. What is the units digit of g?
3
Let h(n) = -8*n + 2*n**2 + 7 - 5*n - 2*n - n**2. Suppose 4*l = 4*d - 64, -5*l + l + 71 = 5*d. What is the units digit of h(d)?
7
Let j(b) = 437*b - 422. What is the thousands digit of j(22)?
9
Suppose p = -2*p + 2*p. Suppose p*u - 121 = 3*d - 5*u, 80 = -2*d + 3*u. Let s = 44 + d. What is the units digit of s?
7
Let n(d) = 47*d**2 - 2*d + 2. Let f be n(2). Let t be 1 - ((2 - 3)*1 - -89). Let z = f + t. What is the tens digit of z?
9
Let w(q) be the third derivative of -q**5/60 + 17*q**4/24 - 4*q**3/3 - 7*q**2. Let y be w(15). Suppose y*g - 24*g + 372 = 0. What is the hundreds digit of g?
1
Let a(b) = 339*b**2 + 470*b - 6938. What is the ten thousands digit of a(14)?
6
Let p = -277 + 283. Suppose p*t - 3148 = 2174. What is the hundreds digit of t?
8
Suppose 3*z = -0*z - 3. Let a be (0 + 1)*-3 - 508*z. Suppose 215 + a = 10*o. What is the units digit of o?
2
Let t(w) = w**2 + w - 1. Let x(s) = s**2 - 3*s + 167. Let c(z) = 2*t(z) - x(z). What is the units digit of c(18)?
5
Suppose -76*v = -2480918 - 249534. What is the tens digit of v?
2
What is the thousands digit of 1056198/130 - 12/20?
8
Let r(w) = -809464*w - 3 - 28 + 809459*w. Suppose 0 = -2*v + x - 23, 3*x + 0*x - 14 = v. What is the tens digit of r(v)?
2
Let r(b) be the first derivative of -b**4/4 + 8*b**3/3 - 3*b**2 - 5*b + 28. Let j be r(7). What is the units digit of ((1 - 44)/((-3)/6))/j?
3
Let h(j) = -j**3 - 14*j**2 - 14*j - 9. Let i be h(-13). Suppose -4*k = -i, -3*k = 3*l + 2*k - 863. What is the tens digit of l?
8
Let g(i) = 84*i + 22. Let b(k) = -252*k - 67. Let u(y) = -4*b(y) - 11*g(y). What is the hundreds digit of u(5)?
4
Let q = -141 - -144. Suppose -3*h - i + 395 = 0, -5*h - q*i = -0*i - 657. What is the tens digit of h?
3
Suppose -4*q + 5 = -4*x - q, 3*x - 12 = -3*q. Suppose p - 2778 = -5*u, 0 = -p - 3 + x. What is the tens digit of u?
5
Let n be 3/60*-5 - 618/(-8). Let j = n - 94. What is the units digit of j/((-119)/974) + (-1)/7?
9
Suppose 0 = 3*p - 5 + 5. Suppose p = 3*w - 79 + 232. Let i = w - -131. What is the tens digit of i?
8
Let a(n) = -12108*n - 3724. What is the tens digit of a(-6)?
2
What is the hundreds digit of (-7289)/6*(26 + -32)?
2
Let x(j) = -94*j - 77. Let y be x(-27). Suppose 5*b + 20 = 0, -3*b - 691 = -5*v + y. What is the units digit of v?
8
Let x(c) = 228*c + 1895. What is the tens digit of x(89)?
8
Suppose -2208*w = -2256*w + 2207664. What is the tens digit of w?
9
Let y(d) = d**3 + 15*d**2 + 8*d - 19. Let p(u) = -u**2 - 3*u + 15. Let b be p(-13). Let q = 102 + b. What is the hundreds digit of y(q)?
2
Let q be (0 + 1714/8)/(2/8). Suppose -3*i = r - q, 5*r = 20*i - 15*i + 4225. What is the tens digit of r?
4
Let y be 12*(-5)/40*-4. Suppose y*v - 370 = 4*v. Let i = -60 + v. What is the tens digit of i?
2
Let n = -76 - -9381. What is the thousands digit of n?
9
Let z(c) be the second derivative of -68*c**3/3 - 2*c**2 - 34*c. Let m be z(-3). Suppose m = -2*r + 4*r. What is the hundreds digit of r?
2
Suppose -3*q + h - 210 = 0, -q + 130 = -3*q + 4*h. Let d be (q + -7 + 4)/((-2)/(-21)). What is the units digit of d/(-9) + 8/12?
7
Let c = -16294 + 29532. What is the units digit of c?
8
Let v(t) = 208*t**2 + 48*t + 191. What is the units digit of v(-7)?
7
Let g = -103 + 318. Suppose -2*k = 4*s - 671 - g, -5 = 5*k. What is the tens digit of s?
2
Let g(j) be the third derivative of 83*j**4/6 + 51*j**3/2 + j**2 + 40*j. What is the thousands digit of g(4)?
1
Suppose -7*w + 216665 = -4*z - 14846, -3*z = 21. What is the thousands digit of w?
3
Let s(x) = -61*x - 3. Let h(r) = -305*r - 16. Let j(k) = -2*h(k) + 11*s(k). Let l be j(-2). Let n = 189 - l. What is the tens digit of n?
6
Suppose 5*p - 1 = 9. Suppose 3*r - 9 = -c, p*r - 2 = -2*c - 0*c. Suppose 3*u = -r*k + 223, 144 = 2*u + 8*k - 3*k. What is the tens digit of u?
7
Let a(p) = 7*p**2 - 7*p + 11. Suppose -18*t = -15*t + 12. What is the hundreds digit of a(t)?
1
Suppose -v + 2*k + 197 = 0, -5*k + 2*k = -4*v + 808. Let b = -198 + v. What is the units digit of b?
7
Let z = -493 + 1123. What is the hundreds digit of z?
6
Let k = 1241 - -420. Suppose 2*q - 4575 + k = 0. What is the units digit of q?
7
Let s(t) = 4660*t - 31. What is the hundreds digit of s(1)?
6
Let o(q) = 2*q**2 + 9*q - 13. Let b be o(10). Suppose 2*c + 3*u = -2*c - b, -4*c + 3*u = 259. Let n = c + 103. What is the units digit of n?
6
Let c(o) = -1441*o - 11. Let u be c(-1). Suppose u = 4*m - 2*r, 3*m + 5*r - 619 = 447. What is the tens digit of m?
5
Let j be 646 - (1/(2/14) + -5). Suppose -149 = 5*t - j. What is the units digit of t?
9
Let a(g) be the first derivative of -105*g**2/2 - 5*g - 13. Let w be a(-2). Let t = -98 + w. What is the hundreds digit of t?
1
Suppose 2*k + 2410 = 7*k. Suppose 865 = 3*w - k. Suppose -4*g + 2*y = 7*y - 637, 2*y + w = 3*g. What is the units digit of g?
3
Suppose -35*o - 37*o + 747856 = 14*o. What is the hundreds digit of o?
6
Let n be 0 + (-56)/(-10) + 4/10. Suppose 2375 = 5*t + 2*d, n*t + 950 = 8*t + 3*d. What is the hundreds digit of t?
4
Let n = -2206 + 3411. Suppose k - 403 = -2*v, 2*k - n = -k - 5*v. What is the hundreds digit of k?
3
Let a = 1296 + -763. Suppose 0 = 2*n + 5*v - 273, -2*v = -4*n + v + a. What is the tens digit of n?
3
Let k(t) = 397*t + 9. Suppose -f + 8 - 3 = 0. What is the thousands digit of k(f)?
1
Let m(i) = -5*i - 26. Let j be m(-16). Suppose -s - 52 = -j. Suppose -707 = -5*c - s*c. What is the hundreds digit of c?
1
What is the units digit of (-6 - 4200)/(16/(-24))?
9
Let a(d) = -3*d + 36. Let y be a(11). Suppose 5*j + y*o = -2*o + 15, 0 = -4*j - o. Let s = 51 - j. What is the tens digit of s?
5
What is the hundreds digit of -11 + 167*525/15?
8
Suppose 5*d - 26 = -0*d + i, -3*i = -d + 8. Suppose -3*n + 6*n - y = 1393, -d*n = 3*y - 2345. What is the hundreds digit of n?
4
Suppose 165*v = 70*v + 521835. What is the tens digit of v?
9
Suppose -3*a + 64 = 91. Let s(q) = -5*q - 41. Let p be s(a). Suppose -p*h + 420 = 5*r - r, -3*h = r - 305. What is the hundreds digit of h?
1
Suppose -5*b = -3*x - 10*b + 55, -4*x + 4*b = -20. Let a(f) = 38*f - 185. What is the hundreds digit of a(x)?
1
Let m(g) = -42 + 113*g + 37 + 4*g. Let r be m(3). Suppose 2*w = 3*w + 1, -4*w + r = 5*p. What is the units digit of p?
0
Suppose -4*x + k + 11 = 0, -4*k + 5*k - 1 = -2*x. Suppose -5*s - 3*w + 1634 + 3223 = 0, -x*s = 4*w - 1954. What is the tens digit of s?
6
Suppose 10*l - 51 = -7*l. Suppose l*a = -14 - 19. Let m(n) = -n**3 - 9*n**2 + 16*n + 27. What is the tens digit of m(a)?
9
What is the tens digit of (103000/30 - -6)*18/12?
5
Let d = -55 + 57. Suppose 21 = -d*x - 5*i, -3*x + 0 = -2*i - 16. Suppose -x*s = -6*s + 160. What is the units digit of s?
0
Let y(c) = 4*c**2 - 364*c + 564. What is the thousands digit of y(125)?
7
Let c(t) = 3*t**3 + 4*t**2 + 185*t + 107. What is the thousands digit of c(17)?
9
Suppose 1205*r - 1206*r - 3*i = -6917, 3*r + 2*i - 20723 = 0. What is the units digit of r?
5
Suppose -513*u - 5192640 = -83*u - 30504590. What is the thousands digit of u?
8
What is the units digit of ((-45023)/(-11) - 31)/((-3)/(-11))?
4
Let f be -2 - (4 - (-2 + 0/2)). What is the units digit of 239/1 + 40/f?
4
Let x be (-255099)/(-69) + (-4)/46. Suppose -3*n - n = 5*z - x, 5*z = -5*n + 3695. What is the tens digit of z?
4
Suppose 4*l - 9*l + 4*q = -38655, 0 = -3*q. What is the thousands digit of l?
7
Suppose -5*o - l + 196722 = 0, 4*l - 8*l - 12 = 0. What is the hundreds digit of o?
3
Let i(p) = -2*p + 22. Let t be i(14). Let x be 6 + (1*(0 + t))/2. Let v(k) = 46*k + 2. What is the hundreds digit of v(x)?
1
Let b be ((-15)/(-5) - 4) + -25. Suppose -5*t - 12 - 108 = 0. Let j = t - b. What is the units digit of j?
2
Let u be 1/(4/12) - -35. Let t = u - -12. Let v = t - -44. What is the units digit of v?
4
Let m(z) = -3*z**2 + 6*z + 29. Let w be m(13). Let u = 684 + w. What is the units digit of u?
4
Let l(g) = 25*g - 21. Let q be l(4). Let w = 11 + q. What is the units digit of w?
0
Let f = 32 - 40. Let j be (2 - (-21)/(-12)) + (-6)/f. What 